 116*h**2 - 38*h**2 + 1 + 2*h + 44*h**2. Let k be c(-1). Calculate the highest common divisor of k and 11.
11
Let b = 68 + -31. Suppose 94 - b = 3*d. Calculate the greatest common divisor of d and 133.
19
Suppose -u = -209 + 65. What is the greatest common divisor of 36 and u?
36
Let w(l) = l**2 + 4*l - 5. Let c be w(10). Calculate the greatest common factor of 27 and c.
27
Let z = -5 - -9. Suppose -z*u = -5*u + 8. Let p = 217 - 129. What is the highest common divisor of u and p?
8
Let k be (-55)/(-3) - (-3)/(-9). Let z(j) = 30*j - 6. Let y be z(5). Calculate the greatest common divisor of k and y.
18
Let a be 4/14 + 1172/14. Suppose -6*u = -18*u + 144. Calculate the greatest common factor of u and a.
12
Suppose -4*u + y = -38, -2*y + 1 = -3. Suppose -3*g - 75 = -6*g. Suppose 0*m - 3*t + 75 = 3*m, m = 5*t + g. Calculate the greatest common divisor of m and u.
5
Suppose 2*i - 5*d + 30 - 81 = 0, 0 = -5*i - d + 87. Let c(j) = -j**2 + 4*j + 18. Let b be c(6). What is the greatest common divisor of i and b?
6
Let y = -37 + 137. Let l(z) = z**3 - z**2 - 16*z. Let p be l(5). What is the highest common factor of p and y?
20
Suppose 8 + 10 = k. Let f be k/(-1)*(-15)/2. What is the greatest common factor of 15 and f?
15
Suppose -25 = -4*p - p. What is the greatest common factor of 15 and p?
5
Suppose 0 = v + 5, 4*v = 4*b - 0*b - 120. Suppose 5*f = -0*f + b. Suppose -4*k - j + 34 = -3*j, f*k = 2*j + 40. What is the highest common factor of k and 3?
3
Let q be (-15)/2*(-4)/3. Let a be 2/4*(3 - -7). Calculate the greatest common factor of a and q.
5
Let h = -4 + 6. Suppose h*o = -4*n + 6*o + 80, -3*o = 3*n - 48. Calculate the highest common factor of n and 12.
6
Let s(n) = -n**3 + 14*n**2 + 18*n - 28. Let z be s(15). What is the greatest common factor of z and 1?
1
Suppose g - 5 + 1 = -c, 5*c = 3*g + 4. Suppose 3*k - 62 = -5*x, -4*x + 52 = 6*k - 3*k. What is the highest common factor of x and c?
2
Let s be 4/(-10) - 4116/60. Let d = -34 - s. Let o be (-4)/(-6) + 38/6. What is the greatest common factor of o and d?
7
Let j(c) = 2*c - 6. Let p be 12/(-3 + 5) + 2. Let y be j(p). What is the greatest common factor of 110 and y?
10
Let m(u) = -10*u - 28. Let b be m(-10). Calculate the greatest common factor of b and 18.
18
Suppose 3*x + 24 = y - 2*x, -4*x = 16. What is the highest common factor of y and 16?
4
Let w be (-13)/(-26) - (-13)/2. Suppose -5*a + 0*a = 2*l - 109, -61 = -3*a + l. What is the greatest common divisor of w and a?
7
Suppose 3*k = 4*i - 209, -k + 44 = 3*i - 129. Calculate the greatest common factor of i and 32.
8
Let x be (-8 - 0)*6/(-3). Calculate the greatest common factor of 16 and x.
16
Let y = -22 + 23. What is the greatest common divisor of y and 7?
1
Let n(d) = -d**2 - 14*d + 17. Let g be n(-15). Calculate the highest common divisor of 4 and g.
2
Let x be 17/3 + 1/3. Suppose -r - 5 = -2*r. Suppose -4*g + w - r*w = -28, 0 = -2*g + 5*w + 7. What is the greatest common factor of g and x?
6
Suppose 0 = -82*m + 81*m + 9. What is the greatest common factor of 108 and m?
9
Suppose -2*m = -0*m - 3*n - 6, 0 = -4*m + 3*n + 24. Let a(t) = 3*t**2 + 3*t + 3. Let f be a(-2). Calculate the highest common divisor of m and f.
9
Let q(s) = -s**2 - 7*s + 8. Let n(r) = -1. Let u(o) = -5*n(o) - q(o). Let g be u(-6). Let w = 13 + g. Calculate the greatest common divisor of w and 10.
2
Suppose -4*q - 3*t + 8*t = -321, 4*q - 2*t = 330. Suppose 3*r - 86 + 26 = -5*h, h + 4*r = 12. What is the greatest common factor of q and h?
12
Let n be (8/6)/((-7)/(-21)). Suppose -s = -n*s + 54. Calculate the greatest common divisor of 6 and s.
6
Let x(g) = -10*g + 1. Let q be x(-2). Let m be 886/6 - 4/6. What is the highest common factor of q and m?
21
Suppose 5*f - 21 = -q + 21, 5*f - 3*q - 34 = 0. Calculate the greatest common factor of 20 and f.
4
Let b be 38/6 - (14/6)/7. Calculate the greatest common divisor of b and 3.
3
Suppose -3*k = -10 - 26. Let r(o) = -5*o**3 - 1. Let v be r(-1). Let a = -1 + v. What is the highest common factor of a and k?
3
Let p = 18 - -8. Suppose 35*o + 156 = 37*o. Calculate the greatest common factor of o and p.
26
Let z = -2 - -5. Suppose 0 = -z*n + n + 88. Suppose 5*k - k - n = 0. Calculate the highest common factor of k and 66.
11
Let o = -8 - -18. Let t = 1 - o. Let i be 2/(-8) + t/(-4). What is the highest common factor of 14 and i?
2
Let z = 46 - 20. Calculate the highest common factor of 26 and z.
26
Let z = 7 - 3. Suppose z*f = f - 96. Let q = -2 - f. What is the highest common factor of q and 5?
5
Let x = 135 + 30. Suppose -5*l + x = -2*i - i, -2*l = i - 77. Calculate the highest common factor of l and 9.
9
Suppose 4*w - 5*t - 12 = 0, -13 + 1 = -4*w - 5*t. Suppose 2*a + a = -3*k + 180, -3*k - 150 = -w*a. What is the highest common divisor of a and 11?
11
Suppose 31*n - 29*n - 22 = 0. What is the highest common factor of n and 55?
11
Let a be (2/5)/((-17)/(-1530)). What is the highest common factor of a and 396?
36
Let a be 4/2 - (-223 + 5). Let w(j) = j + 30. Let g be w(-10). Calculate the highest common divisor of a and g.
20
Suppose -18*b + 14*b + 216 = 0. Let j(d) = d**3 - d**2 - 2*d - 4. Let k be j(4). What is the greatest common factor of k and b?
18
Suppose 4*p - 3*s + 20 = s, 5*s - 19 = 4*p. Let b(q) = q**2 + 4*q - 5. Let d be b(p). Suppose 5 = 3*v - d. What is the highest common divisor of 4 and v?
4
Let z(r) be the third derivative of -r**4/6 - 7*r**3/6 + r**2. Let c be z(-6). Calculate the greatest common factor of c and 136.
17
Suppose -3*y = -0*y - 18. Let z be y/(-33) - (-204)/33. Let l be (-3 - -2)*1 - -55. Calculate the greatest common factor of z and l.
6
Suppose -83 = -3*f + 34. Calculate the greatest common factor of 13 and f.
13
Suppose -4*c + 2*r - r + 257 = 0, -4*c = 2*r - 242. Calculate the greatest common divisor of c and 7.
7
Let w = 353 + -136. Calculate the highest common factor of 31 and w.
31
Let x be (-6)/24 - (-6)/(-8). Let c be (-90)/(-4)*(-2)/x. What is the greatest common factor of 18 and c?
9
Let i = -35 - -40. Calculate the highest common divisor of i and 55.
5
Suppose 0 = 9*i - 7*i - 22. Calculate the greatest common factor of i and 22.
11
Let c = 74 - 44. Suppose -4*p - c = -138. Calculate the highest common factor of p and 3.
3
Suppose -2*j - 9 = -13. Suppose 2*d + 4 = 16. What is the greatest common factor of d and j?
2
Let b(w) = w**2 + 9*w - 16. Let k be b(-11). Let a = k - 5. What is the highest common factor of 1 and a?
1
Let o be 4/(-12)*(1 + -1). Suppose -b + 6 = -r, -r + 5 = -o. What is the greatest common divisor of b and 88?
11
Let v(k) = -k**3 + 3*k**2 + 4*k + 3. Let c be v(4). Suppose 5 = -c*b + 47. Let l be -2 + 4 - 4 - -23. Calculate the greatest common factor of b and l.
7
Suppose -6*w - 113 + 575 = 0. Calculate the greatest common factor of w and 11.
11
Let j be 596/10 - 24/(-60). What is the greatest common divisor of 36 and j?
12
Suppose -2 = i - 6, -b - 5*i + 60 = 0. Suppose -4*q = 2*p - 40, 0*q - 4*q + 80 = 4*p. What is the highest common factor of p and b?
20
Suppose 0 = -2*o + 31 + 53. Calculate the highest common factor of 21 and o.
21
Suppose 189 + 70 = p. Calculate the greatest common divisor of 37 and p.
37
Let n = -124 - -128. Calculate the greatest common factor of n and 36.
4
Let r(o) = o**3 - 6*o**2 - 7*o - 10. Let z be r(8). Suppose -3*u - 8 = -z. Calculate the highest common divisor of 6 and u.
6
Let c be -2 + 0 - (-75 + 3). Let n = c - 34. What is the highest common divisor of n and 9?
9
Suppose 51*m - 53*m = -320. Calculate the greatest common divisor of m and 32.
32
Let h = -1 - 46. Let k = 8 - h. Calculate the greatest common divisor of 5 and k.
5
Let b(l) = -l**3 + 8*l**2 + 4*l - 2. Let h be b(7). What is the greatest common divisor of 50 and h?
25
Suppose -5*y + 72 = -4*y. Suppose -v + y = 2*v. Suppose -4*m = -59 - 37. Calculate the greatest common divisor of m and v.
24
Suppose d = 5*z + 4*d - 312, -128 = -2*z - 2*d. Calculate the greatest common divisor of z and 12.
12
Let n = 83 + -71. Suppose 4*k - 3*k - 60 = 0. What is the greatest common factor of n and k?
12
Let o(m) = -55*m. Let g be o(1). Let s = -21 - g. Let u = -24 + s. Calculate the highest common divisor of u and 90.
10
Let g(k) = -k**3 - k**2 - k. Let o be g(-2). What is the highest commo